*t - 2*t = -4*l + 364, 0 = -t + 3*l - 178. Let x = t + b. What is the units digit of x?
1
Suppose 4*u - 4*m = 4, u + m - 11 = -u. Suppose u*h - 1 = -13, 2*h = -k + 213. What is the tens digit of k?
1
Let w(z) = 2*z - 13. Let b be w(8). Suppose -13*i + 982 = -9*i + b*y, 0 = -2*y - 4. What is the hundreds digit of i?
2
Suppose -51*u = -3*v - 53*u + 15166, -4*v + u + 20214 = 0. What is the hundreds digit of v?
0
Suppose -5 = -10*g + 6*g + p, 3*p = 2*g + 5. What is the tens digit of (-495)/(-15)*(3 - g)?
3
Let j = 17639 + 17765. What is the units digit of j?
4
Let f = -158 - -229. Let b = 402 - f. What is the units digit of b?
1
Suppose 4*k - 3999 = -3*z, 0*k - 4*z + 4000 = 4*k. Suppose -b = -2*b + 2*i + 1015, -b - 2*i = -k. What is the thousands digit of b?
1
Let b(p) = -p**3 + 19*p**2 + 6*p + 47. What is the hundreds digit of b(15)?
0
Suppose -2*z - b + 2562 = 2*z, 3*z + 4*b - 1915 = 0. Suppose -8*m - z = -9681. What is the tens digit of m?
3
Let h(v) = -v**2 + 9*v - 1. Let w be h(6). Let j(d) be the second derivative of 5*d**3/3 - 24*d**2 + 6*d + 1. What is the units digit of j(w)?
2
Let m be (-470240)/(-180) - 4/9. Suppose m = 5*d + 232. What is the hundreds digit of d?
4
Suppose 2*x + x - 1383 = 0. Let u = -24300 - -24099. Let s = u + x. What is the hundreds digit of s?
2
Suppose -5*c - 5*c + 3260 = 0. Suppose c = 3*z - o, -2*z + 4*o + 204 = -0*z. Suppose w + 2*j = 34, 3*w = -2*w + 2*j + z. What is the tens digit of w?
2
Let w = 190 - 949. Let c = 1846 + w. What is the hundreds digit of c?
0
What is the ten thousands digit of (-907528)/(-28) + 11 + -10 - (-16)/56?
3
Let m = 29 + -22. Let i = m - 2. Suppose -3*s = -i*z + 178, -5*z + s + s + 177 = 0. What is the units digit of z?
5
Let r be 15*-1889*16/(-96)*2. Suppose -r = -10*k + 6205. What is the tens digit of k?
6
What is the hundreds digit of (448/168)/((-2)/(-9)) - -57798?
8
Let g(i) = 6*i - 19. Let a = 20 - 32. Let s be g(a). Let h = -55 - s. What is the units digit of h?
6
Suppose -2*i - i - 1606 = 2*r, 1574 = -2*r + 5*i. Let y = 2003 + r. What is the tens digit of y?
0
Suppose 3*s - 5*j = 6*s - 6552, 2*s = -5*j + 4373. What is the tens digit of s?
7
Suppose -2*y + 6*y - 3*u - 18 = 0, 24 = 5*y - 3*u. Suppose -12*o = -y*o - 336. Suppose -2*n + 4*x = -36, -4*n + x + 2 = -o. What is the units digit of n?
4
Let g(p) be the second derivative of p**5 + 5*p. Let s be g(-1). Let t = 20 - s. What is the units digit of t?
0
Suppose -2*p + 302 = -5*m - 3650, 5928 = 3*p + m. Let n = p + -1114. What is the hundreds digit of n?
8
Suppose -4*w - w - 10 = -2*g, 0 = -5*w + 5*g + 5. What is the hundreds digit of w/(-14) - (2385/(-7) - -1)?
3
Let p be ((-154)/88)/((-1)/8). Suppose -2*c + 488 = p*f - 17*f, -4*c - 5*f = -954. What is the tens digit of c?
4
Let m(z) = -z**3 + 5*z**2 + 2*z - 2. Let p be m(5). Suppose -330 = -p*f + 1262. Let j = f + -119. What is the units digit of j?
0
Let l = -96623 - -138565. What is the thousands digit of l?
1
Suppose 0 = -55*q + 56*q - 31. Suppose -q*l + 23*l = -4600. What is the hundreds digit of l?
5
Let z be 1 + 3 - (172 - 3). Let w = z + 279. Suppose -w = -5*u + 2*u. What is the units digit of u?
8
Let a(f) = 9*f**2 + 12*f - 68. Let m be a(-12). Suppose 3*b + x - 1022 - m = 0, -2*b = 2*x - 1408. What is the hundreds digit of b?
7
Let s(w) = w**3 + w - 1. Let m(p) = 5 + 7*p**2 + 3*p**2 - 5*p**2 + 23*p + 7*p**2 + 7*p**3. Let b(r) = -m(r) + 6*s(r). What is the units digit of b(-11)?
5
Suppose 8*g - 163 = 7*g. Let a = 355 - g. What is the units digit of a?
2
Let u = 10214 + -4229. What is the hundreds digit of u?
9
Let r be -10*(0 + -4 + 5). What is the hundreds digit of 461 + -4 - (r - -4)?
4
Suppose -3*l = 4*r - 81304, -15*l = -12*l + 2*r - 81308. Suppose -39*m + 11*m + l = 0. What is the tens digit of m?
6
Let v be 15 - -6 - (6 + 0 + -4). Suppose 12*w + 497 = v*w. What is the units digit of w?
1
Let c = 608 + -173. Suppose -19*f + 4619 = -c. What is the tens digit of f?
6
Let h = 89093 + -39001. What is the thousands digit of h?
0
Let u be 9/(-4) - (84/(-16))/(-7). Let v(k) = -7 - 7*k - 2*k**3 + 3*k + 2 - 2*k**2. What is the tens digit of v(u)?
4
What is the thousands digit of (-139584)/(-21) - ((-176)/(-77))/(-16)?
6
Suppose 0 = -2*i - 5*k + 1213, 4*k - 620 = -624. What is the hundreds digit of i?
6
Suppose 5*j = -w + 38, -5*w + 119 = -4*j - 13. Let g = -29 - -9. Let c = g + w. What is the units digit of c?
8
Let d = -1404 - -770. What is the hundreds digit of d*(-4)/(-24)*-3?
3
Suppose 0 = -2*j - 5*j + 168. Suppose -j*l = -19*l - 175. What is the units digit of l?
5
Let b = -4445 + 36813. Suppose -34*o = -0*o - b. What is the tens digit of o?
5
Let o(m) be the first derivative of 7*m**3/3 - m**2/2 - 13*m + 13. What is the tens digit of o(5)?
5
Let q(z) = z**3 - 6*z**2 - 7*z + 5. Let h be q(7). Let v be -1 + (-5)/(h/(-3)). Suppose -2 - 18 = -2*i - 4*y, v*i - 3*y + 1 = 0. What is the units digit of i?
4
Suppose -4*n - 22 + 6 = 0. Let z be n*((-3)/1 - -2). Let y(w) = 19*w - 17. What is the units digit of y(z)?
9
Let q(f) = 54*f - 34. Suppose -17*u = -21*u + 24. What is the units digit of q(u)?
0
What is the tens digit of 4/(-10) + (-1067838)/(-870)?
2
Let m(i) = 1314*i**3 + 12*i**2 - 5*i + 13. What is the units digit of m(2)?
3
Suppose -4*q - 1461 + 2813 = -10376. What is the tens digit of q?
3
Suppose -526*x = -557*x + 668546. What is the ten thousands digit of x?
2
Let r = 30129 - -26808. What is the units digit of r?
7
Let a be (-1 + 3)/((1 - 1) + 1). Suppose 0 = -5*d + 5*y + 345 + 195, -a*y + 196 = 2*d. Suppose -3*v + d + 33 = p, 2*p = 4*v - 188. What is the units digit of v?
6
Suppose 26266 + 149946 = 46*s - 54110. What is the thousands digit of s?
5
Let c = 170 + -155. Suppose -3*t = -78 + c. What is the units digit of t?
1
Let w be (19/((-171)/(-36)))/((-4)/10). What is the tens digit of (-213)/(-15) - -4*(-2)/w?
1
Suppose -3*a - b + 1 + 0 = 0, b - 1 = -4*a. Let u be (6/(-5))/(6/(-20)). Suppose a = -3*y, 156 = u*n - 4*y - 320. What is the tens digit of n?
1
What is the units digit of 12087 - (-2 + (4 - 3) - -8)?
0
Let o = -919 + 7348. What is the thousands digit of o?
6
What is the hundreds digit of 16055021/221 - (28/13 - 2)?
6
Let q(s) = -4092*s - 66. What is the hundreds digit of q(-3)?
2
Suppose 4*o - 10115 - 4441 = -5*t, 5*t + 5*o - 14560 = 0. What is the units digit of t?
8
Suppose 0 = 2*a - 5*a + 5805. Suppose 1165 = 2*v + v + 4*x, 5*v + 5*x = a. What is the units digit of v?
3
Suppose -5*g + 13712 + 223839 = 7186. What is the ten thousands digit of g?
4
Let l(b) = -b**2 - 6*b + 15. Let f be l(-7). Let h(d) = -10*d**3 - f + 11*d**3 - 3*d + 20*d + 16*d**2 + 0*d**2. What is the units digit of h(-13)?
8
What is the hundreds digit of (1*305/30*-10)/(31/(-18135))?
4
Suppose -721*n + 92052 = -709*n. What is the thousands digit of n?
7
Let p = -51 + 53. What is the units digit of 96 + -10 - ((0 - p) + -2)?
0
Let a be 1/(-6*(-1)/906). Let i = 367 + a. What is the hundreds digit of i?
5
Let c(b) be the third derivative of -b**5/60 + b**4/8 + 7*b**3 - 18*b**2. Let h be c(8). Suppose v - 4*t - 5 = h, v = -4*t + 23. What is the units digit of v?
5
Let y(h) = -5*h - 5. Let p be y(-2). Suppose p*k = 16 + 44. Suppose -3*s + 3*q = -k, q - 1 = 1. What is the units digit of s?
6
Suppose -2*m - 10*m + 144 = 0. Suppose -42*h = -40*h + m. What is the units digit of (88/h - 1)/((-21)/63)?
7
Let q(b) = -3*b - 22 - 3*b**3 + 12 + 19 + b**3 + 10*b**2. What is the units digit of q(-5)?
4
Let k = 2822 + 6960. What is the thousands digit of k?
9
Suppose -4*x - n + 8 = n, 5 = 5*x + 5*n. Suppose -5 = -4*a + x*a. Suppose b + 4*l - 151 = 0, -2*b = -4*b + a*l + 237. What is the units digit of b?
1
Let z(l) = 10*l + 1. Let o be z(2). Suppose 34*m = -69 - 33. Let j = m + o. What is the units digit of j?
8
Suppose -5*c + 3*a = 6*a + 424, -2*c = 3*a + 175. Let b be ((-2)/2)/(1/c). Suppose -3*k + 4*t = 2*t - b, -2*t + 25 = k. What is the tens digit of k?
2
Suppose -m - 2*y - y + 11 = 0, 0 = m - 3*y - 41. Let p = m + -23. What is the tens digit of p - 447/(3 + -6)?
5
What is the ten thousands digit of 5 - ((-9)/6)/((36/168592)/3)?
2
Let h be (-12)/(-64)*4*768. Suppose v - 5*c - h = 0, -19*v + 1137 = -17*v - 5*c. What is the units digit of v?
1
Let x(l) = -97*l**3 - 2*l**2 - 3*l - 2. Let p b